ors of j.
2
Suppose -2*t + 4 = -2*s - 8, -s = -5*t + 22. Suppose -20 = -t*x + 40. Suppose 3*m + 14 - 41 = 3*q, x = 3*m + q. What are the prime factors of m?
2, 3
Suppose -8*n + 9812 = -3612. What are the prime factors of n?
2, 839
Let d(p) = -103*p - 2. Let o be d(-2). Suppose 5*g - g - o = 0. Suppose -3*a = -3 - g. List the prime factors of a.
2, 3
Suppose -11*m = -8963 - 9770. What are the prime factors of m?
13, 131
Let f(l) = 72*l**2 - 6*l - 3. Let s be f(-3). Suppose 0*i + 518 = 4*w - 3*i, 5*w - s = -4*i. What are the prime factors of w?
131
Suppose 5*b - 6424 = -2*m, -4841 = -5*b - 3*m + 1585. What are the prime factors of b?
2, 3, 107
Let a(n) be the second derivative of 7*n**4/6 + n**3/3 + 3*n. Suppose -13 = -4*w - 5*x, -3*w + 4*x = -x - 1. List the prime factors of a(w).
2, 3, 5
Suppose -4*c + 2*l - 488 = 0, l = c - 0*l + 121. Let o = 293 + c. List the prime factors of o.
2, 5, 17
Suppose 19 = -z - 2*f, 5*z + 25 = 7*f - 3*f. What are the prime factors of (-277)/z + 8/36?
31
Let m = 114 - 182. Let x = -41 - m. List the prime factors of x.
3
Suppose -5*z + 4224 = -3*u + 5*u, -z + 4*u + 858 = 0. List the prime factors of z.
2, 3, 47
Suppose 0 = -2*j + 4*v + 246 - 0, j = 4*v + 131. Suppose 0 = -5*p + 2*d - 0*d - j, -4*p - 92 = -2*d. Let a = 51 + p. What are the prime factors of a?
2, 7
Let v = -699 - -988. Let d = -102 + v. List the prime factors of d.
11, 17
Suppose 23*g - 43851 = -24*g. What are the prime factors of g?
3, 311
Let q(m) = -m**3 + 8*m**2 + 11*m - 9. List the prime factors of q(7).
3, 13
Suppose -4*o - a = -7988, -2*a = 4*o - 2773 - 5211. What are the prime factors of o?
2, 3, 37
What are the prime factors of -3 + (-10)/(-1) - -684?
691
Let w(c) = c**3 - 3*c**2 + 3*c - 3. Let b be w(3). Suppose -b*y = -y - 415. List the prime factors of y.
83
Suppose -2*f - s + 22 = 4, 4*s - 32 = -3*f. Suppose 0 = 4*w - f*w + 12. List the prime factors of w.
3
Let g(p) be the first derivative of 34*p + 1/3*p**3 - 8 - 1/2*p**2. List the prime factors of g(0).
2, 17
Suppose -20 = -4*z, -2*w + z - 2*z = -133. Suppose -386 - w = -6*i. List the prime factors of i.
3, 5
Suppose 6*f - 9*f - 273 = 0. Let x = -7 - f. List the prime factors of x.
2, 3, 7
Let q = 1076 + -446. List the prime factors of q.
2, 3, 5, 7
Let o = 641 - 628. Let v(l) = -l**2 - 5*l + 3. Let d be v(-6). Let s = o - d. List the prime factors of s.
2
Let y be (-28)/(-2) + -2 - 1. Let d be (y - 3)*18/8. Suppose 5*f - d = -3. List the prime factors of f.
3
Let d = -25 - -25. Suppose 3*f - 7*f + 224 = d. List the prime factors of f.
2, 7
What are the prime factors of 3/(5/((-7375)/(-15)))?
5, 59
What are the prime factors of (1*385)/(9 + (-3 - 5))?
5, 7, 11
Suppose 2*w + 3*l = 29, w - 3*l + 8*l = 32. Let c be -1 + 1 + (-511)/w. Let a = -38 - c. List the prime factors of a.
5, 7
Let l(o) = -7*o**3 - 3*o**2 + 39*o + 14. Let g(d) = 4*d**3 + 2*d**2 - 19*d - 7. Let a(f) = -5*g(f) - 3*l(f). List the prime factors of a(6).
41
Let a = 325 + -187. List the prime factors of a.
2, 3, 23
Let h(s) = -9*s + 15. Let f(b) = -10*b**2 - 2*b. Let d be f(-1). What are the prime factors of h(d)?
3, 29
Suppose 4*r - i + 123 = 0, -i = 4*r + 2*i + 111. Let l be 2 + (-7 - -3) - r. Suppose -s = -3*s + l. List the prime factors of s.
2, 7
Let z = 119 - -320. What are the prime factors of z?
439
Let m(c) be the first derivative of -c**4/4 - 19*c**3/3 - 21*c**2/2 + 8*c + 8. List the prime factors of m(-18).
2, 31
List the prime factors of -3*381/(5 - 8).
3, 127
Suppose 0 = 2*q + q - 42. Let i be (-3)/(-7) - (-50)/q. Let j = i + 4. List the prime factors of j.
2
Let i(f) = 5*f + 9. Let z be i(-4). What are the prime factors of (89/(-3))/(z/33)?
89
Let m(u) = -u**3 - u**2 + u + 1. Let h(c) = -c**2 - 8*c - 2. Let k be h(-8). Let q be m(k). List the prime factors of q/(-3) - -17*2.
3, 11
Suppose -5*z + 4*o - 9*o = -6335, -z - 3*o = -1267. What are the prime factors of z?
7, 181
Let k(s) = 3*s**3 - 2*s**2 - 2*s - 10. What are the prime factors of k(4)?
2, 71
Suppose -3*z = -4*t - 212, 5*t = -2*z + 3*z - 78. What are the prime factors of z?
2, 17
Suppose 4*n + 0*v - 364 = 2*v, -5*n + 429 = 4*v. Let z = -25 + n. List the prime factors of z.
2
Suppose n + 712 = 3*v - 262, 0 = -n - 5. What are the prime factors of v?
17, 19
Let p be ((-464)/20)/(((-2)/(-5))/2). Let r = 264 + p. What are the prime factors of r?
2, 37
Suppose 0*g + 172 = 2*g - l, -5*g = -3*l - 432. What are the prime factors of g?
2, 3, 7
Let a = 25 - 22. Suppose -a*c - 4*u + 116 = -26, c + 2*u = 44. List the prime factors of c.
2, 3
Let u = 107 + -22. Suppose 8*l = 445 - u. List the prime factors of l.
3, 5
List the prime factors of -38*(2 + -1)*(-17 + 16).
2, 19
Let r = 352 + -212. Let n = 228 - r. List the prime factors of n.
2, 11
Let s be (34/(-10) - -3)*-5. Let g be (-4)/s + -9 + 0. List the prime factors of (-4 - 0)/(-1) - g.
3, 5
Let b be ((-60)/(-16))/(-1) - (-3)/4. List the prime factors of (-400)/(-4) - 1*b.
103
Let l = 14 + -12. Let g(h) = -3*h + 3*h**2 - 2*h**l - h. What are the prime factors of g(7)?
3, 7
What are the prime factors of (-3)/1 + 201 - (0 + 1)?
197
Let q(z) = 49*z**2 + 28*z + 88. List the prime factors of q(-4).
2, 5, 19
Let a(y) = -37*y + 712. List the prime factors of a(-5).
3, 13, 23
Let v(b) = -b**3 - 40*b**2 - 13*b - 60. What are the prime factors of v(-40)?
2, 5, 23
Let f = 474 + -164. Suppose -3*i + i - 14 = 0. What are the prime factors of (-6)/21 - f/i?
2, 11
Suppose 2*m - 5132 = 4*s, 4*m - 59*s = -56*s + 10269. What are the prime factors of m?
2, 3, 107
Suppose 3*a + 26 = a + 4*y, -2*y = a + 5. List the prime factors of a/(-21) + 1159/7.
2, 83
Suppose -4*u = -7*u - 5*w - 19, -5*u = 5*w + 15. Let v be -28*(2 - 7/u). Suppose 4 = 4*s - 0, 4*s + v = d. List the prime factors of d.
2, 23
Let b = -321 + 600. What are the prime factors of b?
3, 31
Suppose -4*a = 4, 2*c + 3*a - 18 = 409. What are the prime factors of c?
5, 43
Let h(p) = 3*p**2 + 24*p - 103. List the prime factors of h(23).
2, 509
Let p(q) = -7*q**2 + q + 11. Let c be p(-3). List the prime factors of 10/c + (-2389)/(-11).
7, 31
List the prime factors of 78/(-91) - 2348/(-28).
83
Suppose -2*q = 5*h + 51, 2*h + 40 = -2*q + 4. Let i = -8 - q. Suppose i*r - 49 = 11. List the prime factors of r.
2, 3
Let i = -891 + 2905. List the prime factors of i.
2, 19, 53
Let z = -543 + 789. What are the prime factors of z?
2, 3, 41
Let v = -215 + 273. What are the prime factors of v?
2, 29
Suppose -22 = -d - 13. Suppose 5*t + o - 113 = 0, -3*o + 0 = -d. List the prime factors of t.
2, 11
Let p = 219 - 126. Let q = 107 - p. List the prime factors of q.
2, 7
Let o be 2/(-4) + (-495)/18. Let b = 192 - o. List the prime factors of b.
2, 5, 11
Let b be ((-5)/(-70)*-10)/(1/(-7)). Suppose -152 = -b*o + 4*s + 234, -5*o + s = -389. List the prime factors of o.
2, 3, 13
Let y be ((-66)/12)/11 + (-705)/(-2). Suppose 278 = 3*n - 4*u, 4*n - 3*u = -7*u + y. List the prime factors of n.
2, 3, 5
Suppose 36 = -2*k + 11*k. Suppose -53 = -v - 0*v + k*a, 107 = 3*v + a. What are the prime factors of v?
37
Suppose p = 2*p - 3. Suppose -275 = -p*k - 2*k. What are the prime factors of k?
5, 11
Suppose -w - 5*q + 2452 + 1234 = 0, 0 = 4*w + q - 14687. List the prime factors of w.
3671
Let u = 69 + -102. Let h = u - -165. List the prime factors of h.
2, 3, 11
Suppose -3*q = 2*q, -g + 2*q = -57. Suppose 58 = w - g. List the prime factors of w.
5, 23
Let t = 11 + -5. Let v be 15 + t/(-4)*2. Let k = v + -3. What are the prime factors of k?
3
Let x(d) = -d**2 - 18*d + 3. Let m be x(-18). Suppose -3*h + 207 = m*q, -5*q + 2*h - 5*h = -351. List the prime factors of q.
2, 3
Let g be 3*3/18*-8. List the prime factors of 43 - g/8*0.
43
Let l(t) = -t + 4. Let p(y) = -3*y + 13. Let j = -4 - -8. Let b(d) = j*p(d) - 11*l(d). What are the prime factors of b(0)?
2
Let x(h) = -h**3 + 7*h**2 - 6*h + 21. Let g be x(6). What are the prime factors of (-12)/5*(1 - g)?
2, 3
Suppose z = 5*m - 28, -5*z - 4*m = -3 + 114. Let i = 55 + z. List the prime factors of i.
2
Let u(l) = -2*l**2 - 43*l + 24. Let p be u(-18). Let r = p + -37. What are the prime factors of r?
113
Let l = -124 + 64. Let d = 258 + l. What are the prime factors of d?
2, 3, 11
Suppose 69 = c - 2*l - 0*l, 5*l = 0. Suppose -c = -v + 8. List the prime factor